- -386416. Is a a prime number?
False
Is ((-4909208)/(-3)*(-48)/(-64))/(54 - 52) a prime number?
True
Suppose 115*z + 54767 = 116*z. Suppose 6*t - z = 91. Is t a prime number?
False
Let y = 63 + -58. Suppose 3*g = m + 11 - 25, 0 = y*m - 5*g - 40. Suppose -2132 - 7963 = -m*p. Is p prime?
False
Let k be -1 + 0 - 4/(1/(-1)). Suppose 5*z - 40 = k*o, -35 = -z - 3*z + 3*o. Let j = 64 + z. Is j a prime number?
False
Suppose 2*h + 3*y + 2 = 0, 4*h + 0*h + 5*y = -2. Let t be (h/(-6))/(7/(-84)). Suppose -d = -5*q - 3432, 0*d - t*d + 13833 = q. Is d prime?
True
Suppose 4*w - 80090 = -3*u, -2*w - 92*u + 40038 = -94*u. Is w a prime number?
True
Suppose -5*y + 4*t = -14, -y + 26 = -2*t + 7*t. Let f be -9*(4 + (3 - y)). Is -2 + (-10)/(-6) - 3666/f composite?
True
Suppose 5*z + 3*o + 2 = 39, 2*z = -5*o + 30. Suppose 2*u - 4*h - 2226 = -0*h, z*h = 2*u - 2225. Suppose -4*p - p + u = 0. Is p composite?
False
Let y(q) = q**2 - 2*q - 3. Let s be y(-2). Suppose 0 = -9*o + 12*o - 3*n - 177606, 0 = -s*n - 25. Is o composite?
False
Let x(r) = -120*r + 166. Let h be x(-3). Suppose -4*n + h = -5*q, 0 = 16*n - 15*n - q - 131. Is n prime?
False
Is 37/((-555)/19310355)*(-2)/6 a composite number?
False
Let q(f) = -2*f**3 + 22*f**2 - f + 17. Let h be q(11). Is (-149234)/(-10) - h/15 a composite number?
False
Let u(y) = 6660*y + 20. Let d be u(1). Suppose -12840 = -4*x + 4*p, 0 = 5*x + 2*p - 9398 - d. Is x a composite number?
True
Suppose -16974767 = 15*s - 116*s. Is s a prime number?
True
Let a = -315103 + 90403. Is 8/((-416)/a) + (-16)/104 composite?
True
Suppose 5*o - 8 - 24 = -3*l, 2*o - 20 = -3*l. Let c(z) = -2*z**3 + 7*z**2 + 5*z. Let y be c(l). Suppose 9*f = -y*f + 10231. Is f composite?
False
Is (-17746035)/(-69) - 12/(-138)*1 a composite number?
False
Let g be 4/16 - 2*18/16. Let t be (-68)/(-11) - g - (-8)/(-44). Suppose 11688 = 4*l + t*l. Is l prime?
False
Suppose i - 69131 = -3*r + 31239, i - 66913 = -2*r. Is r prime?
True
Let g(j) = 2841*j**2 - 5*j - 1. Suppose 0*a + 2*a = p + 3, -10 = 5*a + p. Is g(a) a prime number?
False
Let f(h) = -7*h - 114. Let p be f(-19). Suppose -34984 = -p*m + 11*m. Is m a prime number?
True
Let d = -24 - -24. Suppose -f + 2*v + 230 = d, -7*f - 3*v = -5*f - 495. Suppose 0 = -k + f - 37. Is k a composite number?
True
Suppose 7 = -i - 4*o, o - 4 + 3 = -3*i. Let w be (-2 - 48/(-10))/(i/(-17065)). Is w/(-126) - (-2)/18*-2 a composite number?
False
Suppose 62*o + 5342240 = 31987174. Is o composite?
True
Let j(d) = -7*d + 1. Let g be j(-1). Suppose 13 = -5*o + g. Is (-599)/(-2)*(-14)/o a prime number?
False
Let f(u) = -13*u**2 + 10*u - 7. Let p(g) = 2*g**2 - g. Let r(d) = -f(d) - 4*p(d). Is r(-42) a composite number?
True
Let n = -262675 + 530532. Is n a prime number?
True
Is ((-9915)/(-180) + 4/6)*(-868)/(-7) a composite number?
True
Suppose -185 = -5*o + 5*q, -3*o + 160 = 2*q + 54. Let d = 39 - o. Suppose d*k - 581 = -2*i, 0 = 4*k + 5*i - 506 - 278. Is k a composite number?
False
Let v(y) = 16*y**2 + 7*y + 19. Let u be v(-7). Let t be u/(-195) - 6/45. Is (16/t - -3)*-119 a prime number?
False
Let s(z) = z - 4. Let r be s(6). Suppose -3*f - r*x = -0*x + 15, 0 = -4*f - x - 15. Is (1 + f)*1058*(-3)/12 composite?
True
Let t be 5065 + 6 + 3/2*2. Suppose -y + 12303 = t. Is y a composite number?
False
Let j = 1113872 + -745834. Suppose j = -273*a + 295*a. Is a composite?
False
Let a = 3440 + 25799. Is a a prime number?
False
Let m(j) = -2*j - 2. Let n be m(1). Let o be 7*(10/(-5) - n). Suppose o*x + 437 = 15*x. Is x prime?
False
Is (-6)/(-8)*(-443420)/(-30)*(4 + -2) composite?
False
Let j be (-4)/3*54/(-12). Let z = -6 + j. Suppose 3*l + z*l = 381. Is l prime?
True
Let n(p) = -p + 7151 - p**2 + 5*p - p - 10*p. Is n(0) a prime number?
True
Let w be 100*(70/(-4) + -1). Let z be w/1*(-8)/(-10). Let u = 2621 + z. Is u a composite number?
True
Suppose 0 = -423*c + 424*c - 3*j - 30815, 8 = -2*j. Is c a composite number?
False
Let f be ((-1362)/(-14) + -1)/(89/623). Suppose -4*q + i - 165 = -f, 505 = 4*q + 3*i. Is q prime?
True
Let v(s) = 7*s**3 + 10*s**2 - 8*s - 1. Let b be v(-7). Let l = b + 3115. Is l composite?
False
Is 5841118/1062 - (-8)/9 a composite number?
False
Let m = -168 - -99. Let n = -61 - m. Suppose 3*b + 3545 = n*b. Is b prime?
True
Suppose -13*k + 106148 = 15*k. Is k prime?
False
Let p be (3/2)/(9/6). Is (-50)/40*(2 - 3029 - p) a composite number?
True
Let k(q) be the third derivative of 0 + 0*q - 2/3*q**3 - 1/10*q**6 - 14*q**2 + 1/12*q**4 + 1/20*q**5. Is k(-3) composite?
True
Let m = -345 - 785. Let u = 17665 + m. Is u a prime number?
False
Suppose 7469 + 25135 = -66*v. Let m = v - -4893. Is m composite?
True
Let c = 16 + -134. Let d = c - -436. Let k = 607 - d. Is k prime?
False
Suppose -23*v - 1072 = -31*v. Suppose -2*t + 58 = -k, 5*k + 65 = 4*k - 5*t. Let s = v + k. Is s prime?
False
Let r = 520 - 516. Suppose 2*z = 6*z + r*n - 18884, 5*z - 23605 = -n. Is z a composite number?
False
Let i(s) = 76*s**3 - 35*s**2 + 265*s + 97. Is i(13) composite?
False
Let h(k) = -438*k**3 - 2*k**2 - 17*k - 37. Is h(-8) a composite number?
True
Let o = -361 + 359. Let r(f) = -1030*f - 7. Is r(o) a prime number?
True
Let z(i) = 3*i**2 + 28*i + 3. Let r be z(-9). Let o = r - -9. Suppose -o*h = -1616 + 143. Is h a composite number?
False
Let a = -131 + 134. Suppose w - a*w = 4*r - 1708, 5*w = -3*r + 1281. Is r a prime number?
False
Suppose -z + 3*y + 4172 = 0, -y - 55 - 4115 = -z. Is z composite?
True
Let g = 245868 + -125653. Is g prime?
False
Suppose 4*w = 22*w - 9881 - 4465. Is w a composite number?
False
Suppose 0 = -0*v + 4*v + h - 60, 2*h = -3*v + 50. Suppose 3*z = 2*s + 2*s + 4, 3*s + 2*z = v. Suppose 161 = 3*u - 4*l, 4*u - 310 = -s*l - 88. Is u prime?
False
Suppose -35 = 3*y - 29. Is 73038/238 + (-108)/(-51) + y composite?
False
Suppose -1629*i - 1708368 = -1677*i. Is i a composite number?
False
Let u(k) = 4*k**3 - 24*k**2 - 26*k - 9. Let j(m) = m**3 - m. Suppose 0 = 4*x + 12*x + 16. Let h(a) = x*u(a) + 5*j(a). Is h(-23) a composite number?
True
Suppose -17*m - 159261 = -225517 - 2257678. Is m prime?
False
Let p = -34 + 44. Suppose 2*y + 2*n = 10, 2*n + p = 2*y - n. Suppose -1339 = -y*r - 3*w + 246, 2*w - 951 = -3*r. Is r prime?
True
Let g = 253651 - 177384. Is g composite?
True
Suppose -9*j + 6*j + 1997679 = 4*o, 3*j - 2*o = 1997697. Is j composite?
False
Suppose 0 = 2*g - 8, -4*g + 5462 = 2*c - 1112. Suppose -1810 = -b + c. Is b composite?
True
Let j(d) be the first derivative of -d**4/4 - d**3/3 - d**2/2 - 5*d + 1. Let u be j(-3). Is (2044/u)/((-2)/(-8)) composite?
True
Let c(s) be the first derivative of s**4 + 4*s**3/3 + 9*s**2/2 + 26*s - 86. Is c(7) a composite number?
False
Let w = 7726 + 19234. Suppose 0 = -x - 3*x + w. Is (3/6)/(10/x) composite?
False
Let u(m) = m + 4*m**2 - 63*m**3 - 3*m + 9 + 7*m. Suppose 5*r - 3 = 2*b + 8, -4 = -4*r. Is u(b) a prime number?
False
Suppose -4*r = -4*g + 57696, 3*g + 14*r = 13*r + 43300. Is g a composite number?
False
Let x = -5 - -11. Let h(c) = 211*c + 5290. Let k be h(-22). Suppose -a + k = -y, x*y + 2 = 4*y. Is a prime?
True
Let y(h) = 286*h - 1. Let l be y(-7). Let w = l - -3364. Is w prime?
True
Let v be (-4544 - (-7)/1)/(4/(-4)). Let h = v + -2606. Is h a prime number?
True
Is (61469 - 16)/(70/20) composite?
True
Let u = 105 + -108. Is 2177 + (0 - 3 - u) prime?
False
Let h(p) = 14417*p + 64. Let x be h(3). Let m = -22442 + x. Is m composite?
False
Suppose 11*b + 20 = 21*b. Suppose 77 = 3*f + b*p, -2*f + 5*p - 4 = -3*f. Suppose 0 = -f*g + 23*g + 3786. Is g composite?
False
Let g be (2*-2)/(14/6 - 3). Suppose -g*x - 6492 = -12*x. Is x prime?
False
Suppose 3*u - 22 = 4*m, -3*m - 16 = 2*u - 4*u. Let a(n) = 21*n + 13. Let g be a(m). Let f = -14 - g. Is f a prime number?
False
Let y be (1 - -5 - (-16)/(-4)) + 2. Let x(v) = 6*v**2 - 5*v + 8. Let j be x(y). Let q = j - -209. Is q composite?
False
Let t be (-2 + -1 + -2)*1. Is (-6)/6 - t - -5095 prime?
True
Let c = -1873 - -550. Let j = 2314 + c. Is j composite?
False
Let f(s) = 0*s**2 - 8 + 5*s**3 - 6 + 3 + s**2. Is f(7) a prime number?
True
Is ((-3)/((-6)/24253))/(207/414) a composite number?
True
Suppose -3*t - 12 = -4*t. Let z be (-3)/t - 7/(-28). Suppose z = -4*n + i + 471 - 156, 4*i - 399 = -5*n. Is n prime?
True
Suppose -15847 = -c + 4*q + 9997